{"id":126,"date":"2022-03-30T12:31:31","date_gmt":"2022-03-30T10:31:31","guid":{"rendered":"https:\/\/www.mb.rub.de\/studium-mb\/?page_id=126"},"modified":"2024-12-11T12:48:57","modified_gmt":"2024-12-11T11:48:57","slug":"zulassung-master","status":"publish","type":"page","link":"https:\/\/www.mb.rub.de\/studium-mb\/master\/zulassung-master\/","title":{"rendered":"Zulassung Master"},"content":{"rendered":"<div class=\"field-std-bild-artikel\"><img loading=\"lazy\" decoding=\"async\" class=\"alignnone size-medium wp-image-101\" src=\"https:\/\/www.mb.rub.de\/studium-mb\/wp-content\/uploads\/2021\/12\/Beratung2.png\" alt=\"\" width=\"300\" height=\"169\"><\/div>\r\n<div class=\"field-bildzeile-custom-\">\r\n<div class=\"bildzeile-wrapper\">\r\n<div class=\"bildzeile-text\"><span class=\"bildzeile-text-inner\">\r\nBildzeile<\/span><\/div>\r\n<span class=\"bildzeile-copyright\">\u00a9&nbsp;Fakult\u00e4t f\u00fcr Maschinenbau\/Ng<\/span>\r\n\r\n<\/div>\r\n<\/div>\r\n<div class=\"content-inner-inner-wrapper\">\r\n<div class=\"field-std-dachzeile\">\r\n<div class=\"field-items\">\r\n<div class=\"field-item even\">Vor dem Studium<\/div>\r\n<\/div>\r\n<\/div>\r\n<h2 class=\"field-std-headline\">Voraussetzungen &#038; Bewerbung<\/h2>\r\n<div class=\"field-std-teaser\">Alle Infos zu den Voraussetzungen f\u00fcr ein Masterstudium im Bereich Maschinenbau f\u00fcr externe Studierende und dem Prozess der Zulassung lesen Sie hier. \r\n<\/div>\r\n<div class=\"field-std-text\">\r\n<p>\r\nDas Masterstudium vermittelt aufbauend auf den Bachelor-Studiengang die f\u00fcr eine berufliche T\u00e4tigkeit entscheidenden, vertiefenden Kenntnisse in den einzelnen Schwerpunkten des Maschinenbaus. Damit sind unsere Studierenden in der Lage, komplexe Ingenieurt\u00e4tigkeiten selbstst\u00e4ndig und verantwortlich durchf\u00fchren zu k\u00f6nnen. <br> \r\n<br>\r\nDer Abschluss Master of Science ist qualitativ vergleichbar mit dem heute noch weltweit anerkannten und sehr geachteten Studienabschluss Diplom-Ingenieur. Der Master-Studiengang f\u00fchrt somit zu einer Berufsqualifizierung, die f\u00fcr eine Position mit F\u00fchrungsverantwortung und in der Entwicklung neuer L\u00f6sungen und Produkte notwendig ist.\r\n<br><br>\r\nDie Regelstudienzeit bis zum Master betr\u00e4gt an unserer Fakult\u00e4t f\u00fcnf Jahre (7 Semester Bachelor, 3 Semester Master).\r\n<\/p>\r\n<div class=\"field-std-text\">\r\n<div class=\"flex infobox-wrapper \">\r\n<div class=\"infobox-header\">Fristen f\u00fcr die Bewerbung<\/div>\r\n<div class=\"infobox-text\">\r\n\r\n<p>A) Sie haben einen Bachelor Abschluss von einer deutschen Hochschule, einer Hochschule aus einem EU-Land oder anderen EU-bezogenen Voraussetzungen (z.B. Ehepartner*in kommt aus Deutschland):<\/p>\r\n<ul>\r\n\t<li>20.11. zum Wintersemester<\/li>\r\n\t<li>20.05. zum Sommersemester<\/li>\r\n <\/ul>\r\n<p>B) Sie haben einen Bachelor-Abschluss von einer Hochschule aus einem Nicht EU-Land:<\/p>\r\n<ul>\r\n\t<li>15.07. zum Wintersemester<\/li>\r\n\t<li>15.01. zum Sommersemester<\/li>\r\n <\/ul>\r\n\r\n<\/div><\/div><\/div>\r\n\r\n<h4>Zugangsvoraussetzungen<\/h4>\r\n<p>\r\n<strong>1. Qualifizierter Abschluss<\/strong><br><br>\r\nZum Masterstudium k\u00f6nnen Bewerber*innen zugelassen werden, die \u00fcber einen qualifizierten Abschluss in einem Bachelorstudiengang Maschinenbau oder in einem vergleichbaren Studiengang einer wissenschaftlichen Hochschule nach mindestens 6-semestrigem Studium (drei Studienjahre, 180 ECTS) verf\u00fcgen, der einen erheblichen Anteil maschinenbautechnischer Studienleistungen enth\u00e4lt. \r\n<br><br>\r\nEin Abschluss wird als qualifiziert angesehen, wenn die*der Bewerber*in zu den 35 % Besten eines mindestens einj\u00e4hrigen Abschlusszeitraums geh\u00f6rt oder das Bachelor-Studium mit der Gesamtnote gut oder sehr gut abgeschlossen hat. \r\n<\/p> \r\n<div class=\"flex infobox-wrapper eingeklappt\">\r\n<div class=\"infobox-header\"><a class=\"infobox-open\" href=\"#\">Sprachanforderungen<\/a><\/div>\r\n<div class=\"infobox-text\" style=\"display: none;\">\r\n<a class=\"infobox-close\" href=\"#\"><\/a>\r\n\r\n<p>Der Studiengang wird in der Regel in deutscher Sprache abgehalten und wenn Sie die folgenden Schwerpunkte w\u00e4hlen, m\u00fcssen Sie Deutschkenntnisse in C1-Niveau nachweisen:\r\n<br><br>\r\n&#8211; Energie- und Verfahrenstechnik<br>\r\n&#8211; Konstruktions- und Automatisierungstechnik<br>\r\n&#8211; Modellierung und Simulation mechanischer Systeme<br>\r\n&#8211; Werkstoff- und Microengineering<br>\r\n&#8211; Turbomaschinen<br>\r\n<br><br>\r\nEs gibt nur einen Studienschwerpunkt, f\u00fcr die keine Deutschkenntnisse erforderlich sind:\r\n<br><br>\r\n&#8211; Sustainable Energy Systems und Circular Process Engineering\r\n <br><br>\r\nBewerber, die nicht \u00fcber ausreichende Deutschkenntnisse verf\u00fcgen, haben die M\u00f6glichkeit, sich daf\u00fcr zu bewerben und vom Pr\u00fcfungsausschuss die Zulassung zu dieser ausschlie\u00dflich englischsprachigen Vertiefungsrichtung zu erhalten, wenn sie <a href=\"https:\/\/www.mb.rub.de\/studium-mb\/en\/master-mechanical-engineering-sece\/requirements-admission-sece\/\" rel=\"noopener\" target=\"_blank\">die \u00fcbrigen Zulassungsvoraussetzungen <\/a>erf\u00fcllen.\r\n<\/p>\r\n<\/div>\r\n<\/div>\r\n\r\n<p><strong>2. Methoden- und forschungsorientierte Inhalte<\/strong><br><br>\r\nWeitere Zugangsvoraussetzung ist der Nachweis von methoden- und forschungsorientierten Inhalten im Umfang von mindestens 110 LP aus den im aktuellen Studienverlaufsplan benannten Bereichen \u201eMathematische\/Naturwissenschaftliche Grundlagen und Ingenieurwissenschaftliche Grundlagen\u201c. Der Pr\u00fcfungsausschuss kann erg\u00e4nzende Studien- und Pr\u00fcfungsleistungen sowie den Zeitraum f\u00fcr ihre Erbringung festlegen. F\u00fcr den Zeitraum der Erbringung wird eine vorl\u00e4ufige Zulassung erteilt. \r\n<br><br>\r\nEine Anmeldung zu Masterpr\u00fcfungen und zur Masterarbeit ist nach dem zweiten Fachsemester nur mit vollst\u00e4ndig bestandenen Auflagen zul\u00e4ssig. Sind die Auflagen am Ende des dritten Semesters nicht bestanden, wird die Zulassung zur\u00fcckgezogen. Damit darf das Masterstudium Maschinenbau an der Ruhr-Universit\u00e4t Bochum nicht fortgesetzt werden. <br><br>\r\n<strong>3. Regelstudienzeit<\/strong><br><br>\r\nAbsolvent*innen 6-semestriger Studieng\u00e4nge m\u00fcssen in jedem Fall erg\u00e4nzende Studien- und Pr\u00fcfungsleistungen im Umfang von mindestens 30 Leistungspunkten erbringen. \u00dcber Ausnahmen entscheidet der Pr\u00fcfungsausschuss auf begr\u00fcndeten Antrag. <br><br>\r\nZum Master-Studium kann nicht zugelassen werden, wer einen Master-Studiengang Maschinenbau oder einen verwandten Studiengang an einer wissenschaftlichen Hochschule bestanden oder eine Bachelor-, Master-, Diplomvor- oder Diplompr\u00fcfung in der Fachrichtung Maschinenbau oder einer verwandten Fachrichtung an einer Hochschule endg\u00fcltig nicht bestanden hat oder dem gem\u00e4\u00df Abs. 2 die Zulassung entzogen wurde. \r\n<br><br>\r\nEine Zulassung ist nur f\u00fcr <strong>einen<\/strong> Master-Studiengang der Fakult\u00e4t m\u00f6glich und zul\u00e4ssig. Sollte eine Immatrikulation z.B. durch T\u00e4uschung in mehr als einen Master-Studiengang der Fakult\u00e4t erfolgen, wird dies als schwerwiegende T\u00e4uschung bewertet, die eine Exmatrikulation aus allen Master-Studieng\u00e4ngen der Fakult\u00e4t umgehend nach dem Bekanntwerden zur Folge h\u00e4tte.<\/p> \r\n\r\n<!--KLAPPBOX-->\r\n<div class=\"flex infobox-wrapper eingeklappt\">\r\n<div class=\"infobox-header\"><a class=\"infobox-open\" href=\"#\">Voraussetzungen f\u00fcr Sustainable Energy Systems and Circular Process Engineering<\/a><\/div>\r\n<div class=\"infobox-text\" style=\"display: none;\">\r\n<a class=\"infobox-close\" href=\"#\"><\/a>\r\n<p>Studienbewerber*innen, die ihre Studienqualifikation nicht an einer englischsprachigen Einrichtung erworben oder Englisch als Muttersprache haben, einen englischsprachigen Bachelor oder entsprechende Englischkenntnisse durch das Einreichen Ihres Abiturzeugnisses nachweisen, m\u00fcssen die erforderlichen Kenntnisse der englischen Sprache gem\u00e4\u00df der Einschreibeordnung durch Erzielung folgender oder vergleichbarer Leistungen nachweisen: TOEFL 550 (schriftlich), 215 (computerbasiert), 79 (internetbasiert) oder IELTS 6.0 oder besser.\r\n<\/p>\r\n<\/div><\/div>\r\n<!--KLAPPBOX ENDE -->\r\n<h4>Bewerbung<\/h4>\r\n<p>Eine Bewerbung zum Master-Studiengang ist nur mit einem komplett abgeschlossenen Studium m\u00f6glich, d.h. es muss ein Nachweis (Zeugnis oder Transcript of Records mit Gesamtnote und falls vorhanden ECTS-Einstufung) bei einer sechssemestrigen Regelstudienzeit von 180 Leistungspunkten und bei einer siebensemestrigen Regelstudienzeit von 210 erreichten Leistungspunkten vorhanden sein. <br><br>\r\nDie Bewerbung erfolgt \u00fcber das <a href=\"https:\/\/hio.ruhr-uni-bochum.de\" rel=\"noopener\" target=\"_blank\">Online-Bewerbungsportal der Ruhr-Universit\u00e4t Bochum<\/a>.<br><br>\r\n<strong>Fristen f\u00fcr die Bewerbung sind:<\/strong><br><br> \r\nA) Sie haben einen Bachelor Abschluss von einer deutschen Hochschule, einer Hochschule aus einem EU-Land oder anderen EU-bezogenen Voraussetzungen (z.B. Ehepartner*in kommt aus Deutschland):<\/p>\r\n<ul>\r\n\t<li>20.11. zum Wintersemester<\/li>\r\n\t<li>20.05. zum Sommersemester<\/li>\r\n <\/ul>\r\n<p>B) Sie haben einen Bachelor-Abschluss von einer Hochschule aus einem Nicht EU-Land:<\/p>\r\n<ul>\r\n\t<li>15.07. zum Wintersemester<\/li>\r\n\t<li>15.01. zum Sommersemester<\/li>\r\n <\/ul>\r\n<p>Bitte denken Sie daran, dass es sich bei diesen Fristen um absolute Ausschlussfristen handelt, d.h. Sie sollten m\u00f6glichst einen Puffer in Ihren Planungen f\u00fcr unvorhergesehenes ber\u00fccksichtigen, um Wartezeiten durch ein Fristvers\u00e4umnis zu vermeiden. Weitere Infos zu den Fristen finden Sie <a href=\"https:\/\/studium.ruhr-uni-bochum.de\/de\/bewerbung-zum-master\" rel=\"noopener\" target=\"_blank\">hier.<\/a> <br><br>\r\n<strong>Zulassung und Auflagen<\/strong> <br><br> \r\nDie Zulassung oder ggf. Ablehnung erhalten Sie elektronisch \u00fcber das Bewerbungsportal der Ruhr-Universit\u00e4t Bochum. Etwaige Auflagen werden Ihnen mit der Zulassung mitgeteilt.<br><br>  \r\n<strong>Obligatorisches Beratungsgespr\u00e4ch <\/strong><br><br> \r\nDas zur Immatrikulation notwendige \u201eObligatorische Beratungsgespr\u00e4ch\u201c wird Ihnen per E-Mail als Pr\u00e4sentation ca. ein bis zwei Wochen nach der Zulassung gesendet und zeitgleich im Bewerbungsportal als \u201eteilgenommen\u201c best\u00e4tigt. Sollten Sie weiteren Beratungsbedarf \u00fcber die Pr\u00e4sentation hinaus haben, setzen Sie sich bitte <a href=\"https:\/\/www.mb.rub.de\/studium-mb\/studienfachberatung\/\" rel=\"noopener\" target=\"_blank\">mit der Studienberatung Maschinenbau in Verbindung. <\/a><br><br> \r\n<strong>Immatrikulation <\/strong><br><br> \r\nS\u00e4mtliche Informationen zur Immatrikulation erhalten Sie mit dem Zulassungsbescheid. Ausl\u00e4ndische Bewerber*innen m\u00fcssen in jedem Fall <a href=\"https:\/\/international.ruhr-uni-bochum.de\/de\/schritt-2-deutschkenntnisse-nachweisen\" rel=\"noopener\" target=\"_blank\">deutsche Sprachkenntnisse nachweisen<\/a>, au\u00dfer, sie entscheiden sich f\u00fcr die englischsprachige Vertiefungsrichtung &#8222;Sustainable Energy Systems und Circular Process Engineering&#8220;. \r\n<br><br>\r\nWeitere Infos <a href=\"https:\/\/www.mb.rub.de\/studium-mb\/bachelor\/vertiefungen\/\" rel=\"noopener\" target=\"_blank\">finden Sie hier. <\/a>\r\n<br><br>\r\nInformieren Sie sich bitte auch <a href=\"http:\/\/www.international.ruhr-uni-bochum.de\/intoff\/index.html.en\" rel=\"noopener\" target=\"_blank\">auf den Seiten des International Office der RUB.<\/a>\r\n<\/p><\/div><\/div>\r\n<br>\r\n\r\n\r\n","protected":false},"excerpt":{"rendered":"Bildzeile \u00a9&nbsp;Fakult\u00e4t f\u00fcr Maschinenbau\/Ng Vor dem Studium Voraussetzungen &#038; Bewerbung Alle Infos zu den Voraussetzungen f\u00fcr ein Masterstudium im Bereich Maschinenbau f\u00fcr externe Studierende und dem Prozess der Zulassung lesen Sie hier. Das Masterstudium vermittelt aufbauend auf den Bachelor-Studiengang die f\u00fcr eine berufliche T\u00e4tigkeit entscheidenden, vertiefenden Kenntnisse in den einzelnen Schwerpunkten des Maschinenbaus. Damit sind [&hellip;]","protected":false},"author":6,"featured_media":0,"parent":9,"menu_order":0,"comment_status":"closed","ping_status":"closed","template":"","meta":{"footnotes":""},"class_list":["post-126","page","type-page","status-publish","hentry"],"yoast_head":"<!-- This site is optimized with the Yoast SEO plugin v27.5 - https:\/\/yoast.com\/product\/yoast-seo-wordpress\/ -->\n<title>Zulassung Master - Studiengang Maschinenbau - Ruhr-Universit\u00e4t Bochum<\/title>\n<meta name=\"description\" content=\"Alle Infos zu den Voraussetzungen f\u00fcr ein Masterstudium im Bereich Maschinenbau f\u00fcr externe Studierende und dem Prozess der Zulassung lesen Sie hier.\" \/>\n<meta name=\"robots\" content=\"index, follow, max-snippet:-1, max-image-preview:large, max-video-preview:-1\" \/>\n<link rel=\"canonical\" href=\"https:\/\/www.mb.rub.de\/studium-mb\/master\/zulassung-master\/\" \/>\n<meta property=\"og:locale\" content=\"de_DE\" \/>\n<meta property=\"og:type\" content=\"article\" \/>\n<meta property=\"og:title\" content=\"Zulassung Master - Studiengang Maschinenbau - Ruhr-Universit\u00e4t Bochum\" \/>\n<meta property=\"og:description\" content=\"Alle Infos zu den Voraussetzungen f\u00fcr ein Masterstudium im Bereich Maschinenbau f\u00fcr externe Studierende und dem Prozess der Zulassung lesen Sie hier.\" \/>\n<meta property=\"og:url\" content=\"https:\/\/www.mb.rub.de\/studium-mb\/master\/zulassung-master\/\" \/>\n<meta property=\"og:site_name\" content=\"Studiengang Maschinenbau - Ruhr-Universit\u00e4t Bochum\" \/>\n<meta property=\"article:modified_time\" content=\"2024-12-11T11:48:57+00:00\" \/>\n<meta name=\"twitter:card\" content=\"summary_large_image\" \/>\n<meta name=\"twitter:label1\" content=\"Gesch\u00e4tzte Lesezeit\" \/>\n\t<meta name=\"twitter:data1\" content=\"6\u00a0Minuten\" \/>\n<script type=\"application\/ld+json\" class=\"yoast-schema-graph\">{\"@context\":\"https:\\\/\\\/schema.org\",\"@graph\":[{\"@type\":\"WebPage\",\"@id\":\"https:\\\/\\\/www.mb.rub.de\\\/studium-mb\\\/master\\\/zulassung-master\\\/\",\"url\":\"https:\\\/\\\/www.mb.rub.de\\\/studium-mb\\\/master\\\/zulassung-master\\\/\",\"name\":\"Zulassung Master - Studiengang Maschinenbau - Ruhr-Universit\u00e4t Bochum\",\"isPartOf\":{\"@id\":\"https:\\\/\\\/www.mb.rub.de\\\/studium-mb\\\/#website\"},\"primaryImageOfPage\":{\"@id\":\"https:\\\/\\\/www.mb.rub.de\\\/studium-mb\\\/master\\\/zulassung-master\\\/#primaryimage\"},\"image\":{\"@id\":\"https:\\\/\\\/www.mb.rub.de\\\/studium-mb\\\/master\\\/zulassung-master\\\/#primaryimage\"},\"thumbnailUrl\":\"https:\\\/\\\/www.mb.rub.de\\\/studium-mb\\\/wp-content\\\/uploads\\\/2021\\\/12\\\/Beratung2.png\",\"datePublished\":\"2022-03-30T10:31:31+00:00\",\"dateModified\":\"2024-12-11T11:48:57+00:00\",\"description\":\"Alle Infos zu den Voraussetzungen f\u00fcr ein Masterstudium im Bereich Maschinenbau f\u00fcr externe Studierende und dem Prozess der Zulassung lesen Sie hier.\",\"breadcrumb\":{\"@id\":\"https:\\\/\\\/www.mb.rub.de\\\/studium-mb\\\/master\\\/zulassung-master\\\/#breadcrumb\"},\"inLanguage\":\"de\",\"potentialAction\":[{\"@type\":\"ReadAction\",\"target\":[\"https:\\\/\\\/www.mb.rub.de\\\/studium-mb\\\/master\\\/zulassung-master\\\/\"]}]},{\"@type\":\"ImageObject\",\"inLanguage\":\"de\",\"@id\":\"https:\\\/\\\/www.mb.rub.de\\\/studium-mb\\\/master\\\/zulassung-master\\\/#primaryimage\",\"url\":\"https:\\\/\\\/www.mb.rub.de\\\/studium-mb\\\/wp-content\\\/uploads\\\/2021\\\/12\\\/Beratung2.png\",\"contentUrl\":\"https:\\\/\\\/www.mb.rub.de\\\/studium-mb\\\/wp-content\\\/uploads\\\/2021\\\/12\\\/Beratung2.png\",\"width\":804,\"height\":536},{\"@type\":\"BreadcrumbList\",\"@id\":\"https:\\\/\\\/www.mb.rub.de\\\/studium-mb\\\/master\\\/zulassung-master\\\/#breadcrumb\",\"itemListElement\":[{\"@type\":\"ListItem\",\"position\":1,\"name\":\"Startseite\",\"item\":\"https:\\\/\\\/www.mb.rub.de\\\/studium-mb\\\/\"},{\"@type\":\"ListItem\",\"position\":2,\"name\":\"Master\",\"item\":\"https:\\\/\\\/www.mb.rub.de\\\/studium-mb\\\/master\\\/\"},{\"@type\":\"ListItem\",\"position\":3,\"name\":\"Zulassung Master\"}]},{\"@type\":\"WebSite\",\"@id\":\"https:\\\/\\\/www.mb.rub.de\\\/studium-mb\\\/#website\",\"url\":\"https:\\\/\\\/www.mb.rub.de\\\/studium-mb\\\/\",\"name\":\"Studiengang Maschinenbau - Ruhr-Universit\u00e4t Bochum\",\"description\":\"\",\"publisher\":{\"@id\":\"https:\\\/\\\/www.mb.rub.de\\\/studium-mb\\\/#organization\"},\"potentialAction\":[{\"@type\":\"SearchAction\",\"target\":{\"@type\":\"EntryPoint\",\"urlTemplate\":\"https:\\\/\\\/www.mb.rub.de\\\/studium-mb\\\/?s={search_term_string}\"},\"query-input\":{\"@type\":\"PropertyValueSpecification\",\"valueRequired\":true,\"valueName\":\"search_term_string\"}}],\"inLanguage\":\"de\"},{\"@type\":\"Organization\",\"@id\":\"https:\\\/\\\/www.mb.rub.de\\\/studium-mb\\\/#organization\",\"name\":\"Studiengang Maschinenbau - Ruhr-Universit\u00e4t Bochum\",\"url\":\"https:\\\/\\\/www.mb.rub.de\\\/studium-mb\\\/\",\"logo\":{\"@type\":\"ImageObject\",\"inLanguage\":\"de\",\"@id\":\"https:\\\/\\\/www.mb.rub.de\\\/studium-mb\\\/#\\\/schema\\\/logo\\\/image\\\/\",\"url\":\"https:\\\/\\\/www.mb.rub.de\\\/studium-mb\\\/wp-content\\\/uploads\\\/2022\\\/03\\\/MB-Logo-neu_Maschinenbau.svg\",\"contentUrl\":\"https:\\\/\\\/www.mb.rub.de\\\/studium-mb\\\/wp-content\\\/uploads\\\/2022\\\/03\\\/MB-Logo-neu_Maschinenbau.svg\",\"caption\":\"Studiengang Maschinenbau - Ruhr-Universit\u00e4t Bochum\"},\"image\":{\"@id\":\"https:\\\/\\\/www.mb.rub.de\\\/studium-mb\\\/#\\\/schema\\\/logo\\\/image\\\/\"}}]}<\/script>\n<!-- \/ Yoast SEO plugin. -->","yoast_head_json":{"title":"Zulassung Master - Studiengang Maschinenbau - Ruhr-Universit\u00e4t Bochum","description":"Alle Infos zu den Voraussetzungen f\u00fcr ein Masterstudium im Bereich Maschinenbau f\u00fcr externe Studierende und dem Prozess der Zulassung lesen Sie hier.","robots":{"index":"index","follow":"follow","max-snippet":"max-snippet:-1","max-image-preview":"max-image-preview:large","max-video-preview":"max-video-preview:-1"},"canonical":"https:\/\/www.mb.rub.de\/studium-mb\/master\/zulassung-master\/","og_locale":"de_DE","og_type":"article","og_title":"Zulassung Master - Studiengang Maschinenbau - Ruhr-Universit\u00e4t Bochum","og_description":"Alle Infos zu den Voraussetzungen f\u00fcr ein Masterstudium im Bereich Maschinenbau f\u00fcr externe Studierende und dem Prozess der Zulassung lesen Sie hier.","og_url":"https:\/\/www.mb.rub.de\/studium-mb\/master\/zulassung-master\/","og_site_name":"Studiengang Maschinenbau - Ruhr-Universit\u00e4t Bochum","article_modified_time":"2024-12-11T11:48:57+00:00","twitter_card":"summary_large_image","twitter_misc":{"Gesch\u00e4tzte Lesezeit":"6\u00a0Minuten"},"schema":{"@context":"https:\/\/schema.org","@graph":[{"@type":"WebPage","@id":"https:\/\/www.mb.rub.de\/studium-mb\/master\/zulassung-master\/","url":"https:\/\/www.mb.rub.de\/studium-mb\/master\/zulassung-master\/","name":"Zulassung Master - Studiengang Maschinenbau - Ruhr-Universit\u00e4t Bochum","isPartOf":{"@id":"https:\/\/www.mb.rub.de\/studium-mb\/#website"},"primaryImageOfPage":{"@id":"https:\/\/www.mb.rub.de\/studium-mb\/master\/zulassung-master\/#primaryimage"},"image":{"@id":"https:\/\/www.mb.rub.de\/studium-mb\/master\/zulassung-master\/#primaryimage"},"thumbnailUrl":"https:\/\/www.mb.rub.de\/studium-mb\/wp-content\/uploads\/2021\/12\/Beratung2.png","datePublished":"2022-03-30T10:31:31+00:00","dateModified":"2024-12-11T11:48:57+00:00","description":"Alle Infos zu den Voraussetzungen f\u00fcr ein Masterstudium im Bereich Maschinenbau f\u00fcr externe Studierende und dem Prozess der Zulassung lesen Sie hier.","breadcrumb":{"@id":"https:\/\/www.mb.rub.de\/studium-mb\/master\/zulassung-master\/#breadcrumb"},"inLanguage":"de","potentialAction":[{"@type":"ReadAction","target":["https:\/\/www.mb.rub.de\/studium-mb\/master\/zulassung-master\/"]}]},{"@type":"ImageObject","inLanguage":"de","@id":"https:\/\/www.mb.rub.de\/studium-mb\/master\/zulassung-master\/#primaryimage","url":"https:\/\/www.mb.rub.de\/studium-mb\/wp-content\/uploads\/2021\/12\/Beratung2.png","contentUrl":"https:\/\/www.mb.rub.de\/studium-mb\/wp-content\/uploads\/2021\/12\/Beratung2.png","width":804,"height":536},{"@type":"BreadcrumbList","@id":"https:\/\/www.mb.rub.de\/studium-mb\/master\/zulassung-master\/#breadcrumb","itemListElement":[{"@type":"ListItem","position":1,"name":"Startseite","item":"https:\/\/www.mb.rub.de\/studium-mb\/"},{"@type":"ListItem","position":2,"name":"Master","item":"https:\/\/www.mb.rub.de\/studium-mb\/master\/"},{"@type":"ListItem","position":3,"name":"Zulassung Master"}]},{"@type":"WebSite","@id":"https:\/\/www.mb.rub.de\/studium-mb\/#website","url":"https:\/\/www.mb.rub.de\/studium-mb\/","name":"Studiengang Maschinenbau - Ruhr-Universit\u00e4t Bochum","description":"","publisher":{"@id":"https:\/\/www.mb.rub.de\/studium-mb\/#organization"},"potentialAction":[{"@type":"SearchAction","target":{"@type":"EntryPoint","urlTemplate":"https:\/\/www.mb.rub.de\/studium-mb\/?s={search_term_string}"},"query-input":{"@type":"PropertyValueSpecification","valueRequired":true,"valueName":"search_term_string"}}],"inLanguage":"de"},{"@type":"Organization","@id":"https:\/\/www.mb.rub.de\/studium-mb\/#organization","name":"Studiengang Maschinenbau - Ruhr-Universit\u00e4t Bochum","url":"https:\/\/www.mb.rub.de\/studium-mb\/","logo":{"@type":"ImageObject","inLanguage":"de","@id":"https:\/\/www.mb.rub.de\/studium-mb\/#\/schema\/logo\/image\/","url":"https:\/\/www.mb.rub.de\/studium-mb\/wp-content\/uploads\/2022\/03\/MB-Logo-neu_Maschinenbau.svg","contentUrl":"https:\/\/www.mb.rub.de\/studium-mb\/wp-content\/uploads\/2022\/03\/MB-Logo-neu_Maschinenbau.svg","caption":"Studiengang Maschinenbau - Ruhr-Universit\u00e4t Bochum"},"image":{"@id":"https:\/\/www.mb.rub.de\/studium-mb\/#\/schema\/logo\/image\/"}}]}},"_links":{"self":[{"href":"https:\/\/www.mb.rub.de\/studium-mb\/wp-json\/wp\/v2\/pages\/126","targetHints":{"allow":["GET"]}}],"collection":[{"href":"https:\/\/www.mb.rub.de\/studium-mb\/wp-json\/wp\/v2\/pages"}],"about":[{"href":"https:\/\/www.mb.rub.de\/studium-mb\/wp-json\/wp\/v2\/types\/page"}],"author":[{"embeddable":true,"href":"https:\/\/www.mb.rub.de\/studium-mb\/wp-json\/wp\/v2\/users\/6"}],"replies":[{"embeddable":true,"href":"https:\/\/www.mb.rub.de\/studium-mb\/wp-json\/wp\/v2\/comments?post=126"}],"version-history":[{"count":33,"href":"https:\/\/www.mb.rub.de\/studium-mb\/wp-json\/wp\/v2\/pages\/126\/revisions"}],"predecessor-version":[{"id":2076,"href":"https:\/\/www.mb.rub.de\/studium-mb\/wp-json\/wp\/v2\/pages\/126\/revisions\/2076"}],"up":[{"embeddable":true,"href":"https:\/\/www.mb.rub.de\/studium-mb\/wp-json\/wp\/v2\/pages\/9"}],"wp:attachment":[{"href":"https:\/\/www.mb.rub.de\/studium-mb\/wp-json\/wp\/v2\/media?parent=126"}],"curies":[{"name":"wp","href":"https:\/\/api.w.org\/{rel}","templated":true}]}}