{"id":186,"date":"2022-03-30T10:15:58","date_gmt":"2022-03-30T08:15:58","guid":{"rendered":"https:\/\/www.mb.rub.de\/studium-mb\/?page_id=186"},"modified":"2023-06-29T13:07:06","modified_gmt":"2023-06-29T11:07:06","slug":"erste-infos","status":"publish","type":"page","link":"https:\/\/www.mb.rub.de\/studium-mb\/bachelor\/praktikum\/erste-infos\/","title":{"rendered":"Erste Infos zum Praktikum"},"content":{"rendered":"<div class=\"field-std-bild-artikel\"><img loading=\"lazy\" decoding=\"async\" class=\"alignnone size-medium wp-image-101\" src=\"https:\/\/www.mb.rub.de\/studium-mb\/wp-content\/uploads\/2022\/03\/Info.png\" alt=\"\" width=\"300\" height=\"169\"><\/div>\r\n<div class=\"field-bildzeile-custom-\">\r\n<div class=\"bildzeile-wrapper\">\r\n<div class=\"bildzeile-text\"><span class=\"bildzeile-text-inner\">\r\nBildzeile<\/span><\/div>\r\n<span class=\"bildzeile-copyright\">\u00a9&nbsp;Unsplash<\/span>\r\n\r\n<\/div>\r\n<\/div>\r\n<div class=\"content-inner-inner-wrapper\">\r\n<div class=\"field-std-dachzeile\">\r\n<div class=\"field-items\">\r\n<div class=\"field-item even\">Vor dem Praktikum<\/div>\r\n<\/div>\r\n<\/div>\r\n<h2 class=\"field-std-headline\">Erste Infos zum Praktikum<\/h2>\r\n<div class=\"field-std-teaser\">Hier finden Sie grundlegende Informationen zum Pflichtpraktikum.\r\n<\/div>\r\n<div class=\"field-std-text\">\r\n<h4>Welche Art von Praktika muss ich absolvieren?<\/h4>\r\n<p>Als wichtige Voraussetzung f\u00fcr ein erfolgreiches Studium und im Hinblick auf die sp\u00e4tere berufliche T\u00e4tigkeit ist die praktische Ausbildung wesentlicher Bestandteil unseres Bachelor-Studienganges Maschinenbau. <br> \r\n<br>Daher sind zwei Praktika \u00fcber einen Zeitraum von insgesamt 20 Wochen Pflicht:<\/p>\r\n\r\n<ul>\r\n\t<li>Ein erstes handwerkliches Grundpraktikum von sechs Wochen sollte m\u00f6glichst vor Studienbeginn abgeleistet werden, da w\u00e4hrend des Studiums erfahrungsgem\u00e4\u00df wegen der Pr\u00fcfungen, Hochschulpraktika, Exkursionen usw. in der vorlesungsfreien Zeit wenig Raum daf\u00fcr bleibt.<\/li>\r\n\r\n\t<li>Einen Einblick in die Berufswelt von Ingenieur*innen erhalten unsere Studierenden im Rahmen eines 14-w\u00f6chigen Industriepraktikums, in dem zum Ende des Studiums (im 7. Fachsemester) erlerntes Wissen in der Praxis angewendet wird.<\/li>\r\n <\/ul>\r\n<p> Weitere Informationen zu den konkreten Inhalten der Praktika finden Sie<a href=\"https:\/\/www.mb.rub.de\/studium-mb\/wp-content\/uploads\/2021\/10\/MB_Praktikumsrichtlinie_2008.pdf\" rel=\"noopener\" target=\"_blank\"> in der Praktikumsrichtlinie. <\/a><\/p>\r\n<h4>Warum muss ich ein Pflichtpraktikum absolvieren?<\/h4>\r\n<p>Sinn des Praktikums ist es, dass unsere Studierenden durch die praktische T\u00e4tigkeit ein grundlegendes technisches Verst\u00e4ndnis erlangen. Die gemachten Erfahrungen und erlernten F\u00e4higkeiten erleichtern den Einstieg in das Studium, besonders in den technischen F\u00e4chern, wie z.B. in der Konstruktionstechnik und in der Werkstofftechnik.<br> \r\n<br>\r\nDas Grundpraktikum soll nur sekund\u00e4r grundlegende handwerkliche Fertigkeiten vermitteln. Prim\u00e4r soll es den Praktikant*innen auf das Studium vorbereiten. Das Fachpraktikum hingegen soll das Studium erg\u00e4nzen, um erworbene theoretische Kenntnisse mit Praxisbezug zu vertiefen.\r\n<br> \r\n<br>\r\n<div class=\"teaser-row-wrapper full\">\r\n      <div class=\"button-further web-cd-standard sprechblasen\">\r\n        <a href=\"https:\/\/www.mb.rub.de\/studium-mb\/bachelor\/praktikum\/kontakt\/\" class=\"hover-layer\">\r\n    \r\n    <div class=\"img-wrapper\">\r\n      <div class=\"img-wrapper-inner\">\r\n        &nbsp;\r\n      <\/div>\r\n    <\/div>\r\n  \r\n    <div class=\"article-info-wrapper\">\r\n      <div class=\"article-info-wrapper-inner\">\r\n        <div class=\"headline\">Sprechstunde und Kontakt<\/div>\r\n        <div class=\"button-arrow-wrapper no-link\">\r\n          <span class=\"button-arrow-arrow\"><!-- --><\/span>\r\n          <span class=\"button-arrow-text\">Infos<\/span>\r\n        <\/div>\r\n      <\/div>\r\n    <\/div>\r\n    <div class=\"clear\"><\/div>\r\n  <\/a>\r\n   <\/div>\r\n  <\/div><\/div><\/div>\r\n\r\n\r\n","protected":false},"excerpt":{"rendered":"Bildzeile \u00a9&nbsp;Unsplash Vor dem Praktikum Erste Infos zum Praktikum Hier finden Sie grundlegende Informationen zum Pflichtpraktikum. Welche Art von Praktika muss ich absolvieren? Als wichtige Voraussetzung f\u00fcr ein erfolgreiches Studium und im Hinblick auf die sp\u00e4tere berufliche T\u00e4tigkeit ist die praktische Ausbildung wesentlicher Bestandteil unseres Bachelor-Studienganges Maschinenbau. Daher sind zwei Praktika \u00fcber einen Zeitraum von [&hellip;]","protected":false},"author":6,"featured_media":0,"parent":88,"menu_order":0,"comment_status":"closed","ping_status":"closed","template":"","meta":{"footnotes":""},"class_list":["post-186","page","type-page","status-publish","hentry"],"yoast_head":"<!-- This site is optimized with the Yoast SEO plugin v27.5 - https:\/\/yoast.com\/product\/yoast-seo-wordpress\/ -->\n<title>Erste Infos zum Praktikum - Studiengang Maschinenbau - Ruhr-Universit\u00e4t Bochum<\/title>\n<meta name=\"description\" content=\"Hier finden Sie erste, grundlegende Infos zum Praktikum im Bachelorstudiengang Maschinenbau an der RUB.\" \/>\n<meta name=\"robots\" content=\"index, follow, max-snippet:-1, max-image-preview:large, max-video-preview:-1\" \/>\n<link rel=\"canonical\" href=\"https:\/\/www.mb.rub.de\/studium-mb\/bachelor\/praktikum\/erste-infos\/\" \/>\n<meta property=\"og:locale\" content=\"de_DE\" \/>\n<meta property=\"og:type\" content=\"article\" \/>\n<meta property=\"og:title\" content=\"Erste Infos zum Praktikum - Studiengang Maschinenbau - Ruhr-Universit\u00e4t Bochum\" \/>\n<meta property=\"og:description\" content=\"Hier finden Sie erste, grundlegende Infos zum Praktikum im Bachelorstudiengang Maschinenbau an der RUB.\" \/>\n<meta property=\"og:url\" content=\"https:\/\/www.mb.rub.de\/studium-mb\/bachelor\/praktikum\/erste-infos\/\" \/>\n<meta property=\"og:site_name\" content=\"Studiengang Maschinenbau - Ruhr-Universit\u00e4t Bochum\" \/>\n<meta property=\"article:modified_time\" content=\"2023-06-29T11:07:06+00:00\" \/>\n<meta property=\"og:image\" content=\"https:\/\/www.mb.rub.de\/studium-mb\/wp-content\/uploads\/2022\/03\/Info.png\" \/>\n<meta name=\"twitter:card\" content=\"summary_large_image\" \/>\n<meta name=\"twitter:label1\" content=\"Gesch\u00e4tzte Lesezeit\" \/>\n\t<meta name=\"twitter:data1\" content=\"2\u00a0Minuten\" \/>\n<script type=\"application\/ld+json\" class=\"yoast-schema-graph\">{\"@context\":\"https:\\\/\\\/schema.org\",\"@graph\":[{\"@type\":\"WebPage\",\"@id\":\"https:\\\/\\\/www.mb.rub.de\\\/studium-mb\\\/bachelor\\\/praktikum\\\/erste-infos\\\/\",\"url\":\"https:\\\/\\\/www.mb.rub.de\\\/studium-mb\\\/bachelor\\\/praktikum\\\/erste-infos\\\/\",\"name\":\"Erste Infos zum Praktikum - Studiengang Maschinenbau - Ruhr-Universit\u00e4t Bochum\",\"isPartOf\":{\"@id\":\"https:\\\/\\\/www.mb.rub.de\\\/studium-mb\\\/#website\"},\"primaryImageOfPage\":{\"@id\":\"https:\\\/\\\/www.mb.rub.de\\\/studium-mb\\\/bachelor\\\/praktikum\\\/erste-infos\\\/#primaryimage\"},\"image\":{\"@id\":\"https:\\\/\\\/www.mb.rub.de\\\/studium-mb\\\/bachelor\\\/praktikum\\\/erste-infos\\\/#primaryimage\"},\"thumbnailUrl\":\"https:\\\/\\\/www.mb.rub.de\\\/studium-mb\\\/wp-content\\\/uploads\\\/2022\\\/03\\\/Info.png\",\"datePublished\":\"2022-03-30T08:15:58+00:00\",\"dateModified\":\"2023-06-29T11:07:06+00:00\",\"description\":\"Hier finden Sie erste, grundlegende Infos zum Praktikum im Bachelorstudiengang Maschinenbau an der RUB.\",\"breadcrumb\":{\"@id\":\"https:\\\/\\\/www.mb.rub.de\\\/studium-mb\\\/bachelor\\\/praktikum\\\/erste-infos\\\/#breadcrumb\"},\"inLanguage\":\"de\",\"potentialAction\":[{\"@type\":\"ReadAction\",\"target\":[\"https:\\\/\\\/www.mb.rub.de\\\/studium-mb\\\/bachelor\\\/praktikum\\\/erste-infos\\\/\"]}]},{\"@type\":\"ImageObject\",\"inLanguage\":\"de\",\"@id\":\"https:\\\/\\\/www.mb.rub.de\\\/studium-mb\\\/bachelor\\\/praktikum\\\/erste-infos\\\/#primaryimage\",\"url\":\"https:\\\/\\\/www.mb.rub.de\\\/studium-mb\\\/wp-content\\\/uploads\\\/2022\\\/03\\\/Info.png\",\"contentUrl\":\"https:\\\/\\\/www.mb.rub.de\\\/studium-mb\\\/wp-content\\\/uploads\\\/2022\\\/03\\\/Info.png\",\"width\":804,\"height\":536},{\"@type\":\"BreadcrumbList\",\"@id\":\"https:\\\/\\\/www.mb.rub.de\\\/studium-mb\\\/bachelor\\\/praktikum\\\/erste-infos\\\/#breadcrumb\",\"itemListElement\":[{\"@type\":\"ListItem\",\"position\":1,\"name\":\"Startseite\",\"item\":\"https:\\\/\\\/www.mb.rub.de\\\/studium-mb\\\/\"},{\"@type\":\"ListItem\",\"position\":2,\"name\":\"Bachelor\",\"item\":\"https:\\\/\\\/www.mb.rub.de\\\/studium-mb\\\/bachelor\\\/\"},{\"@type\":\"ListItem\",\"position\":3,\"name\":\"Praktikum\",\"item\":\"https:\\\/\\\/www.mb.rub.de\\\/studium-mb\\\/bachelor\\\/praktikum\\\/\"},{\"@type\":\"ListItem\",\"position\":4,\"name\":\"Erste Infos zum Praktikum\"}]},{\"@type\":\"WebSite\",\"@id\":\"https:\\\/\\\/www.mb.rub.de\\\/studium-mb\\\/#website\",\"url\":\"https:\\\/\\\/www.mb.rub.de\\\/studium-mb\\\/\",\"name\":\"Studiengang Maschinenbau - Ruhr-Universit\u00e4t Bochum\",\"description\":\"\",\"publisher\":{\"@id\":\"https:\\\/\\\/www.mb.rub.de\\\/studium-mb\\\/#organization\"},\"potentialAction\":[{\"@type\":\"SearchAction\",\"target\":{\"@type\":\"EntryPoint\",\"urlTemplate\":\"https:\\\/\\\/www.mb.rub.de\\\/studium-mb\\\/?s={search_term_string}\"},\"query-input\":{\"@type\":\"PropertyValueSpecification\",\"valueRequired\":true,\"valueName\":\"search_term_string\"}}],\"inLanguage\":\"de\"},{\"@type\":\"Organization\",\"@id\":\"https:\\\/\\\/www.mb.rub.de\\\/studium-mb\\\/#organization\",\"name\":\"Studiengang Maschinenbau - Ruhr-Universit\u00e4t Bochum\",\"url\":\"https:\\\/\\\/www.mb.rub.de\\\/studium-mb\\\/\",\"logo\":{\"@type\":\"ImageObject\",\"inLanguage\":\"de\",\"@id\":\"https:\\\/\\\/www.mb.rub.de\\\/studium-mb\\\/#\\\/schema\\\/logo\\\/image\\\/\",\"url\":\"https:\\\/\\\/www.mb.rub.de\\\/studium-mb\\\/wp-content\\\/uploads\\\/2022\\\/03\\\/MB-Logo-neu_Maschinenbau.svg\",\"contentUrl\":\"https:\\\/\\\/www.mb.rub.de\\\/studium-mb\\\/wp-content\\\/uploads\\\/2022\\\/03\\\/MB-Logo-neu_Maschinenbau.svg\",\"caption\":\"Studiengang Maschinenbau - Ruhr-Universit\u00e4t Bochum\"},\"image\":{\"@id\":\"https:\\\/\\\/www.mb.rub.de\\\/studium-mb\\\/#\\\/schema\\\/logo\\\/image\\\/\"}}]}<\/script>\n<!-- \/ Yoast SEO plugin. -->","yoast_head_json":{"title":"Erste Infos zum Praktikum - Studiengang Maschinenbau - Ruhr-Universit\u00e4t Bochum","description":"Hier finden Sie erste, grundlegende Infos zum Praktikum im Bachelorstudiengang Maschinenbau an der RUB.","robots":{"index":"index","follow":"follow","max-snippet":"max-snippet:-1","max-image-preview":"max-image-preview:large","max-video-preview":"max-video-preview:-1"},"canonical":"https:\/\/www.mb.rub.de\/studium-mb\/bachelor\/praktikum\/erste-infos\/","og_locale":"de_DE","og_type":"article","og_title":"Erste Infos zum Praktikum - Studiengang Maschinenbau - Ruhr-Universit\u00e4t Bochum","og_description":"Hier finden Sie erste, grundlegende Infos zum Praktikum im Bachelorstudiengang Maschinenbau an der RUB.","og_url":"https:\/\/www.mb.rub.de\/studium-mb\/bachelor\/praktikum\/erste-infos\/","og_site_name":"Studiengang Maschinenbau - Ruhr-Universit\u00e4t Bochum","article_modified_time":"2023-06-29T11:07:06+00:00","og_image":[{"url":"https:\/\/www.mb.rub.de\/studium-mb\/wp-content\/uploads\/2022\/03\/Info.png","type":"","width":"","height":""}],"twitter_card":"summary_large_image","twitter_misc":{"Gesch\u00e4tzte Lesezeit":"2\u00a0Minuten"},"schema":{"@context":"https:\/\/schema.org","@graph":[{"@type":"WebPage","@id":"https:\/\/www.mb.rub.de\/studium-mb\/bachelor\/praktikum\/erste-infos\/","url":"https:\/\/www.mb.rub.de\/studium-mb\/bachelor\/praktikum\/erste-infos\/","name":"Erste Infos zum Praktikum - Studiengang Maschinenbau - Ruhr-Universit\u00e4t Bochum","isPartOf":{"@id":"https:\/\/www.mb.rub.de\/studium-mb\/#website"},"primaryImageOfPage":{"@id":"https:\/\/www.mb.rub.de\/studium-mb\/bachelor\/praktikum\/erste-infos\/#primaryimage"},"image":{"@id":"https:\/\/www.mb.rub.de\/studium-mb\/bachelor\/praktikum\/erste-infos\/#primaryimage"},"thumbnailUrl":"https:\/\/www.mb.rub.de\/studium-mb\/wp-content\/uploads\/2022\/03\/Info.png","datePublished":"2022-03-30T08:15:58+00:00","dateModified":"2023-06-29T11:07:06+00:00","description":"Hier finden Sie erste, grundlegende Infos zum Praktikum im Bachelorstudiengang Maschinenbau an der RUB.","breadcrumb":{"@id":"https:\/\/www.mb.rub.de\/studium-mb\/bachelor\/praktikum\/erste-infos\/#breadcrumb"},"inLanguage":"de","potentialAction":[{"@type":"ReadAction","target":["https:\/\/www.mb.rub.de\/studium-mb\/bachelor\/praktikum\/erste-infos\/"]}]},{"@type":"ImageObject","inLanguage":"de","@id":"https:\/\/www.mb.rub.de\/studium-mb\/bachelor\/praktikum\/erste-infos\/#primaryimage","url":"https:\/\/www.mb.rub.de\/studium-mb\/wp-content\/uploads\/2022\/03\/Info.png","contentUrl":"https:\/\/www.mb.rub.de\/studium-mb\/wp-content\/uploads\/2022\/03\/Info.png","width":804,"height":536},{"@type":"BreadcrumbList","@id":"https:\/\/www.mb.rub.de\/studium-mb\/bachelor\/praktikum\/erste-infos\/#breadcrumb","itemListElement":[{"@type":"ListItem","position":1,"name":"Startseite","item":"https:\/\/www.mb.rub.de\/studium-mb\/"},{"@type":"ListItem","position":2,"name":"Bachelor","item":"https:\/\/www.mb.rub.de\/studium-mb\/bachelor\/"},{"@type":"ListItem","position":3,"name":"Praktikum","item":"https:\/\/www.mb.rub.de\/studium-mb\/bachelor\/praktikum\/"},{"@type":"ListItem","position":4,"name":"Erste Infos zum Praktikum"}]},{"@type":"WebSite","@id":"https:\/\/www.mb.rub.de\/studium-mb\/#website","url":"https:\/\/www.mb.rub.de\/studium-mb\/","name":"Studiengang Maschinenbau - Ruhr-Universit\u00e4t Bochum","description":"","publisher":{"@id":"https:\/\/www.mb.rub.de\/studium-mb\/#organization"},"potentialAction":[{"@type":"SearchAction","target":{"@type":"EntryPoint","urlTemplate":"https:\/\/www.mb.rub.de\/studium-mb\/?s={search_term_string}"},"query-input":{"@type":"PropertyValueSpecification","valueRequired":true,"valueName":"search_term_string"}}],"inLanguage":"de"},{"@type":"Organization","@id":"https:\/\/www.mb.rub.de\/studium-mb\/#organization","name":"Studiengang Maschinenbau - Ruhr-Universit\u00e4t Bochum","url":"https:\/\/www.mb.rub.de\/studium-mb\/","logo":{"@type":"ImageObject","inLanguage":"de","@id":"https:\/\/www.mb.rub.de\/studium-mb\/#\/schema\/logo\/image\/","url":"https:\/\/www.mb.rub.de\/studium-mb\/wp-content\/uploads\/2022\/03\/MB-Logo-neu_Maschinenbau.svg","contentUrl":"https:\/\/www.mb.rub.de\/studium-mb\/wp-content\/uploads\/2022\/03\/MB-Logo-neu_Maschinenbau.svg","caption":"Studiengang Maschinenbau - Ruhr-Universit\u00e4t Bochum"},"image":{"@id":"https:\/\/www.mb.rub.de\/studium-mb\/#\/schema\/logo\/image\/"}}]}},"_links":{"self":[{"href":"https:\/\/www.mb.rub.de\/studium-mb\/wp-json\/wp\/v2\/pages\/186","targetHints":{"allow":["GET"]}}],"collection":[{"href":"https:\/\/www.mb.rub.de\/studium-mb\/wp-json\/wp\/v2\/pages"}],"about":[{"href":"https:\/\/www.mb.rub.de\/studium-mb\/wp-json\/wp\/v2\/types\/page"}],"author":[{"embeddable":true,"href":"https:\/\/www.mb.rub.de\/studium-mb\/wp-json\/wp\/v2\/users\/6"}],"replies":[{"embeddable":true,"href":"https:\/\/www.mb.rub.de\/studium-mb\/wp-json\/wp\/v2\/comments?post=186"}],"version-history":[{"count":23,"href":"https:\/\/www.mb.rub.de\/studium-mb\/wp-json\/wp\/v2\/pages\/186\/revisions"}],"predecessor-version":[{"id":1371,"href":"https:\/\/www.mb.rub.de\/studium-mb\/wp-json\/wp\/v2\/pages\/186\/revisions\/1371"}],"up":[{"embeddable":true,"href":"https:\/\/www.mb.rub.de\/studium-mb\/wp-json\/wp\/v2\/pages\/88"}],"wp:attachment":[{"href":"https:\/\/www.mb.rub.de\/studium-mb\/wp-json\/wp\/v2\/media?parent=186"}],"curies":[{"name":"wp","href":"https:\/\/api.w.org\/{rel}","templated":true}]}}