{"id":200,"date":"2022-03-30T12:00:23","date_gmt":"2022-03-30T10:00:23","guid":{"rendered":"https:\/\/www.mb.rub.de\/studium-mb\/?page_id=200"},"modified":"2022-04-08T08:31:49","modified_gmt":"2022-04-08T06:31:49","slug":"der-praktikumsbericht","status":"publish","type":"page","link":"https:\/\/www.mb.rub.de\/studium-mb\/bachelor\/praktikum\/der-praktikumsbericht\/","title":{"rendered":"Der Praktikumsbericht"},"content":{"rendered":"<div class=\"field-std-bild-artikel\"><img loading=\"lazy\" decoding=\"async\" class=\"alignnone size-medium wp-image-101\" src=\"https:\/\/www.mb.rub.de\/studium-mb\/wp-content\/uploads\/2021\/09\/glenn-carstens-peters-npxXWgQ33ZQ-unsplash-scaled.jpg\" alt=\"\" width=\"300\" height=\"169\"><\/div>\r\n<div class=\"field-bildzeile-custom-\">\r\n<div class=\"bildzeile-wrapper\">\r\n<div class=\"bildzeile-text\"><span class=\"bildzeile-text-inner\">\r\nBildzeile<\/span><\/div>\r\n<span class=\"bildzeile-copyright\">\u00a9&nbsp;Unsplash<\/span>\r\n\r\n<\/div>\r\n<\/div>\r\n<div class=\"content-inner-inner-wrapper\">\r\n<div class=\"field-std-dachzeile\">\r\n<div class=\"field-items\">\r\n<div class=\"field-item even\">Nach dem Praktikum<\/div>\r\n<\/div>\r\n<\/div>\r\n<h2 class=\"field-std-headline\">Der Praktikumsbericht<\/h2>\r\n<div class=\"field-std-teaser\">Der Praktikumsbericht dient der Reflexion und der nachvollziehbaren Dokumentation des Erlebten im Praktikumsbetrieb. \r\n<\/div>\r\n<div class=\"field-std-text\">\r\n<p>Au\u00dferdem ist er eine geeignete \u00dcbung f\u00fcr das Studium und f\u00fcr das Berufsleben, sich eine pr\u00e4zise und pr\u00e4gnante Schreibweise anzueignen.<br><br> \r\nDer Bericht muss mit eigenen Skizzen und mit eigenen Worten technische Arbeitsweisen, Verfahren oder Zusammenh\u00e4nge beschreiben, die selbst angewendet oder beobachtet wurden. Die Schreibweise in der Ich-Form ist ausdr\u00fccklich erlaubt. Der Praktikumsbericht ist eine Pr\u00fcfungsleistung und muss im Original vorgelegt werden.<br><br>\r\nMit der <a href=\"https:\/\/www.mb.rub.de\/studium-mb\/bachelor\/praktikum\/anerkennung\/\" rel=\"noopener\" target=\"_blank\">erfolgreichen Anerkennung<\/a> wird der Praktikumsbericht zur Pr\u00fcfungsunterlage und eingelagert. Dem Ausdruck eines elektronischen Originals muss ein Datentr\u00e4ger beigef\u00fcgt werden. N\u00e4here Informationen dazu entnehmen sie den <a href=\"https:\/\/www.mb.rub.de\/studium-mb\/bachelor\/praktikum\/anerkennung\/\" rel=\"noopener\" target=\"_blank\">Voraussetzungen f\u00fcr die Anerkennung<\/a>.\r\n<\/p><br> \r\n<div class=\"field-std-text\">\r\n<div class=\"flex infobox-wrapper \">\r\n<div class=\"infobox-header\">Erstellung des Berichts<\/div>\r\n<div class=\"infobox-text\">\r\n<p>Beachten Sie bei der Erstellung des Berichts die Vorgaben in den Praktikumsrichtlinien.<br><br> \r\nBeachten Sie au\u00dferdem die umfassenden <a href=\"https:\/\/www.mb.rub.de\/studium-mb\/bachelor\/praktikum\/faq\/\" rel=\"noopener\" target=\"_blank\">FAQs auf dieser Website<\/a>, in denen vor allem auf den Berichtsinhalt, die Gestaltung und das Format des Berichts eingegangen wird.\r\n<\/p>\r\n<\/div>\r\n<\/div>\r\n<\/div><\/div><\/div>","protected":false},"excerpt":{"rendered":"Bildzeile \u00a9&nbsp;Unsplash Nach dem Praktikum Der Praktikumsbericht Der Praktikumsbericht dient der Reflexion und der nachvollziehbaren Dokumentation des Erlebten im Praktikumsbetrieb. Au\u00dferdem ist er eine geeignete \u00dcbung f\u00fcr das Studium und f\u00fcr das Berufsleben, sich eine pr\u00e4zise und pr\u00e4gnante Schreibweise anzueignen. Der Bericht muss mit eigenen Skizzen und mit eigenen Worten technische Arbeitsweisen, Verfahren oder Zusammenh\u00e4nge [&hellip;]","protected":false},"author":6,"featured_media":0,"parent":88,"menu_order":0,"comment_status":"closed","ping_status":"closed","template":"","meta":{"footnotes":""},"class_list":["post-200","page","type-page","status-publish","hentry"],"yoast_head":"<!-- This site is optimized with the Yoast SEO plugin v27.4 - https:\/\/yoast.com\/product\/yoast-seo-wordpress\/ -->\n<title>Der Praktikumsbericht - Studiengang Maschinenbau - Ruhr-Universit\u00e4t Bochum<\/title>\n<meta name=\"description\" content=\"Der Praktikumsbericht dient der Reflexion und der nachvollziehbaren Dokumentation des Erlebten im Praktikumsbetrieb.\" \/>\n<meta name=\"robots\" content=\"index, follow, max-snippet:-1, max-image-preview:large, max-video-preview:-1\" \/>\n<link rel=\"canonical\" href=\"https:\/\/www.mb.rub.de\/studium-mb\/bachelor\/praktikum\/der-praktikumsbericht\/\" \/>\n<meta property=\"og:locale\" content=\"de_DE\" \/>\n<meta property=\"og:type\" content=\"article\" \/>\n<meta property=\"og:title\" content=\"Der Praktikumsbericht - Studiengang Maschinenbau - Ruhr-Universit\u00e4t Bochum\" \/>\n<meta property=\"og:description\" content=\"Der Praktikumsbericht dient der Reflexion und der nachvollziehbaren Dokumentation des Erlebten im Praktikumsbetrieb.\" \/>\n<meta property=\"og:url\" content=\"https:\/\/www.mb.rub.de\/studium-mb\/bachelor\/praktikum\/der-praktikumsbericht\/\" \/>\n<meta property=\"og:site_name\" content=\"Studiengang Maschinenbau - Ruhr-Universit\u00e4t Bochum\" \/>\n<meta property=\"article:modified_time\" content=\"2022-04-08T06:31:49+00:00\" \/>\n<meta property=\"og:image\" content=\"https:\/\/www.mb.rub.de\/studium-mb\/wp-content\/uploads\/2021\/09\/glenn-carstens-peters-npxXWgQ33ZQ-unsplash-scaled.jpg\" \/>\n<meta name=\"twitter:card\" content=\"summary_large_image\" \/>\n<meta name=\"twitter:label1\" content=\"Gesch\u00e4tzte Lesezeit\" \/>\n\t<meta name=\"twitter:data1\" content=\"1\u00a0Minute\" \/>\n<script type=\"application\/ld+json\" class=\"yoast-schema-graph\">{\"@context\":\"https:\\\/\\\/schema.org\",\"@graph\":[{\"@type\":\"WebPage\",\"@id\":\"https:\\\/\\\/www.mb.rub.de\\\/studium-mb\\\/bachelor\\\/praktikum\\\/der-praktikumsbericht\\\/\",\"url\":\"https:\\\/\\\/www.mb.rub.de\\\/studium-mb\\\/bachelor\\\/praktikum\\\/der-praktikumsbericht\\\/\",\"name\":\"Der Praktikumsbericht - Studiengang Maschinenbau - Ruhr-Universit\u00e4t Bochum\",\"isPartOf\":{\"@id\":\"https:\\\/\\\/www.mb.rub.de\\\/studium-mb\\\/#website\"},\"primaryImageOfPage\":{\"@id\":\"https:\\\/\\\/www.mb.rub.de\\\/studium-mb\\\/bachelor\\\/praktikum\\\/der-praktikumsbericht\\\/#primaryimage\"},\"image\":{\"@id\":\"https:\\\/\\\/www.mb.rub.de\\\/studium-mb\\\/bachelor\\\/praktikum\\\/der-praktikumsbericht\\\/#primaryimage\"},\"thumbnailUrl\":\"https:\\\/\\\/www.mb.rub.de\\\/studium-mb\\\/wp-content\\\/uploads\\\/2021\\\/09\\\/glenn-carstens-peters-npxXWgQ33ZQ-unsplash-scaled.jpg\",\"datePublished\":\"2022-03-30T10:00:23+00:00\",\"dateModified\":\"2022-04-08T06:31:49+00:00\",\"description\":\"Der Praktikumsbericht dient der Reflexion und der nachvollziehbaren Dokumentation des Erlebten im Praktikumsbetrieb.\",\"breadcrumb\":{\"@id\":\"https:\\\/\\\/www.mb.rub.de\\\/studium-mb\\\/bachelor\\\/praktikum\\\/der-praktikumsbericht\\\/#breadcrumb\"},\"inLanguage\":\"de\",\"potentialAction\":[{\"@type\":\"ReadAction\",\"target\":[\"https:\\\/\\\/www.mb.rub.de\\\/studium-mb\\\/bachelor\\\/praktikum\\\/der-praktikumsbericht\\\/\"]}]},{\"@type\":\"ImageObject\",\"inLanguage\":\"de\",\"@id\":\"https:\\\/\\\/www.mb.rub.de\\\/studium-mb\\\/bachelor\\\/praktikum\\\/der-praktikumsbericht\\\/#primaryimage\",\"url\":\"https:\\\/\\\/www.mb.rub.de\\\/studium-mb\\\/wp-content\\\/uploads\\\/2021\\\/09\\\/glenn-carstens-peters-npxXWgQ33ZQ-unsplash-scaled.jpg\",\"contentUrl\":\"https:\\\/\\\/www.mb.rub.de\\\/studium-mb\\\/wp-content\\\/uploads\\\/2021\\\/09\\\/glenn-carstens-peters-npxXWgQ33ZQ-unsplash-scaled.jpg\",\"width\":2560,\"height\":1703},{\"@type\":\"BreadcrumbList\",\"@id\":\"https:\\\/\\\/www.mb.rub.de\\\/studium-mb\\\/bachelor\\\/praktikum\\\/der-praktikumsbericht\\\/#breadcrumb\",\"itemListElement\":[{\"@type\":\"ListItem\",\"position\":1,\"name\":\"Startseite\",\"item\":\"https:\\\/\\\/www.mb.rub.de\\\/studium-mb\\\/\"},{\"@type\":\"ListItem\",\"position\":2,\"name\":\"Bachelor\",\"item\":\"https:\\\/\\\/www.mb.rub.de\\\/studium-mb\\\/bachelor\\\/\"},{\"@type\":\"ListItem\",\"position\":3,\"name\":\"Praktikum\",\"item\":\"https:\\\/\\\/www.mb.rub.de\\\/studium-mb\\\/bachelor\\\/praktikum\\\/\"},{\"@type\":\"ListItem\",\"position\":4,\"name\":\"Der Praktikumsbericht\"}]},{\"@type\":\"WebSite\",\"@id\":\"https:\\\/\\\/www.mb.rub.de\\\/studium-mb\\\/#website\",\"url\":\"https:\\\/\\\/www.mb.rub.de\\\/studium-mb\\\/\",\"name\":\"Studiengang Maschinenbau - Ruhr-Universit\u00e4t Bochum\",\"description\":\"\",\"publisher\":{\"@id\":\"https:\\\/\\\/www.mb.rub.de\\\/studium-mb\\\/#organization\"},\"potentialAction\":[{\"@type\":\"SearchAction\",\"target\":{\"@type\":\"EntryPoint\",\"urlTemplate\":\"https:\\\/\\\/www.mb.rub.de\\\/studium-mb\\\/?s={search_term_string}\"},\"query-input\":{\"@type\":\"PropertyValueSpecification\",\"valueRequired\":true,\"valueName\":\"search_term_string\"}}],\"inLanguage\":\"de\"},{\"@type\":\"Organization\",\"@id\":\"https:\\\/\\\/www.mb.rub.de\\\/studium-mb\\\/#organization\",\"name\":\"Studiengang Maschinenbau - Ruhr-Universit\u00e4t Bochum\",\"url\":\"https:\\\/\\\/www.mb.rub.de\\\/studium-mb\\\/\",\"logo\":{\"@type\":\"ImageObject\",\"inLanguage\":\"de\",\"@id\":\"https:\\\/\\\/www.mb.rub.de\\\/studium-mb\\\/#\\\/schema\\\/logo\\\/image\\\/\",\"url\":\"https:\\\/\\\/www.mb.rub.de\\\/studium-mb\\\/wp-content\\\/uploads\\\/2022\\\/03\\\/MB-Logo-neu_Maschinenbau.svg\",\"contentUrl\":\"https:\\\/\\\/www.mb.rub.de\\\/studium-mb\\\/wp-content\\\/uploads\\\/2022\\\/03\\\/MB-Logo-neu_Maschinenbau.svg\",\"caption\":\"Studiengang Maschinenbau - Ruhr-Universit\u00e4t Bochum\"},\"image\":{\"@id\":\"https:\\\/\\\/www.mb.rub.de\\\/studium-mb\\\/#\\\/schema\\\/logo\\\/image\\\/\"}}]}<\/script>\n<!-- \/ Yoast SEO plugin. -->","yoast_head_json":{"title":"Der Praktikumsbericht - Studiengang Maschinenbau - Ruhr-Universit\u00e4t Bochum","description":"Der Praktikumsbericht dient der Reflexion und der nachvollziehbaren Dokumentation des Erlebten im Praktikumsbetrieb.","robots":{"index":"index","follow":"follow","max-snippet":"max-snippet:-1","max-image-preview":"max-image-preview:large","max-video-preview":"max-video-preview:-1"},"canonical":"https:\/\/www.mb.rub.de\/studium-mb\/bachelor\/praktikum\/der-praktikumsbericht\/","og_locale":"de_DE","og_type":"article","og_title":"Der Praktikumsbericht - Studiengang Maschinenbau - Ruhr-Universit\u00e4t Bochum","og_description":"Der Praktikumsbericht dient der Reflexion und der nachvollziehbaren Dokumentation des Erlebten im Praktikumsbetrieb.","og_url":"https:\/\/www.mb.rub.de\/studium-mb\/bachelor\/praktikum\/der-praktikumsbericht\/","og_site_name":"Studiengang Maschinenbau - Ruhr-Universit\u00e4t Bochum","article_modified_time":"2022-04-08T06:31:49+00:00","og_image":[{"url":"https:\/\/www.mb.rub.de\/studium-mb\/wp-content\/uploads\/2021\/09\/glenn-carstens-peters-npxXWgQ33ZQ-unsplash-scaled.jpg","type":"","width":"","height":""}],"twitter_card":"summary_large_image","twitter_misc":{"Gesch\u00e4tzte Lesezeit":"1\u00a0Minute"},"schema":{"@context":"https:\/\/schema.org","@graph":[{"@type":"WebPage","@id":"https:\/\/www.mb.rub.de\/studium-mb\/bachelor\/praktikum\/der-praktikumsbericht\/","url":"https:\/\/www.mb.rub.de\/studium-mb\/bachelor\/praktikum\/der-praktikumsbericht\/","name":"Der Praktikumsbericht - Studiengang Maschinenbau - Ruhr-Universit\u00e4t Bochum","isPartOf":{"@id":"https:\/\/www.mb.rub.de\/studium-mb\/#website"},"primaryImageOfPage":{"@id":"https:\/\/www.mb.rub.de\/studium-mb\/bachelor\/praktikum\/der-praktikumsbericht\/#primaryimage"},"image":{"@id":"https:\/\/www.mb.rub.de\/studium-mb\/bachelor\/praktikum\/der-praktikumsbericht\/#primaryimage"},"thumbnailUrl":"https:\/\/www.mb.rub.de\/studium-mb\/wp-content\/uploads\/2021\/09\/glenn-carstens-peters-npxXWgQ33ZQ-unsplash-scaled.jpg","datePublished":"2022-03-30T10:00:23+00:00","dateModified":"2022-04-08T06:31:49+00:00","description":"Der Praktikumsbericht dient der Reflexion und der nachvollziehbaren Dokumentation des Erlebten im Praktikumsbetrieb.","breadcrumb":{"@id":"https:\/\/www.mb.rub.de\/studium-mb\/bachelor\/praktikum\/der-praktikumsbericht\/#breadcrumb"},"inLanguage":"de","potentialAction":[{"@type":"ReadAction","target":["https:\/\/www.mb.rub.de\/studium-mb\/bachelor\/praktikum\/der-praktikumsbericht\/"]}]},{"@type":"ImageObject","inLanguage":"de","@id":"https:\/\/www.mb.rub.de\/studium-mb\/bachelor\/praktikum\/der-praktikumsbericht\/#primaryimage","url":"https:\/\/www.mb.rub.de\/studium-mb\/wp-content\/uploads\/2021\/09\/glenn-carstens-peters-npxXWgQ33ZQ-unsplash-scaled.jpg","contentUrl":"https:\/\/www.mb.rub.de\/studium-mb\/wp-content\/uploads\/2021\/09\/glenn-carstens-peters-npxXWgQ33ZQ-unsplash-scaled.jpg","width":2560,"height":1703},{"@type":"BreadcrumbList","@id":"https:\/\/www.mb.rub.de\/studium-mb\/bachelor\/praktikum\/der-praktikumsbericht\/#breadcrumb","itemListElement":[{"@type":"ListItem","position":1,"name":"Startseite","item":"https:\/\/www.mb.rub.de\/studium-mb\/"},{"@type":"ListItem","position":2,"name":"Bachelor","item":"https:\/\/www.mb.rub.de\/studium-mb\/bachelor\/"},{"@type":"ListItem","position":3,"name":"Praktikum","item":"https:\/\/www.mb.rub.de\/studium-mb\/bachelor\/praktikum\/"},{"@type":"ListItem","position":4,"name":"Der Praktikumsbericht"}]},{"@type":"WebSite","@id":"https:\/\/www.mb.rub.de\/studium-mb\/#website","url":"https:\/\/www.mb.rub.de\/studium-mb\/","name":"Studiengang Maschinenbau - Ruhr-Universit\u00e4t Bochum","description":"","publisher":{"@id":"https:\/\/www.mb.rub.de\/studium-mb\/#organization"},"potentialAction":[{"@type":"SearchAction","target":{"@type":"EntryPoint","urlTemplate":"https:\/\/www.mb.rub.de\/studium-mb\/?s={search_term_string}"},"query-input":{"@type":"PropertyValueSpecification","valueRequired":true,"valueName":"search_term_string"}}],"inLanguage":"de"},{"@type":"Organization","@id":"https:\/\/www.mb.rub.de\/studium-mb\/#organization","name":"Studiengang Maschinenbau - Ruhr-Universit\u00e4t Bochum","url":"https:\/\/www.mb.rub.de\/studium-mb\/","logo":{"@type":"ImageObject","inLanguage":"de","@id":"https:\/\/www.mb.rub.de\/studium-mb\/#\/schema\/logo\/image\/","url":"https:\/\/www.mb.rub.de\/studium-mb\/wp-content\/uploads\/2022\/03\/MB-Logo-neu_Maschinenbau.svg","contentUrl":"https:\/\/www.mb.rub.de\/studium-mb\/wp-content\/uploads\/2022\/03\/MB-Logo-neu_Maschinenbau.svg","caption":"Studiengang Maschinenbau - Ruhr-Universit\u00e4t Bochum"},"image":{"@id":"https:\/\/www.mb.rub.de\/studium-mb\/#\/schema\/logo\/image\/"}}]}},"_links":{"self":[{"href":"https:\/\/www.mb.rub.de\/studium-mb\/wp-json\/wp\/v2\/pages\/200","targetHints":{"allow":["GET"]}}],"collection":[{"href":"https:\/\/www.mb.rub.de\/studium-mb\/wp-json\/wp\/v2\/pages"}],"about":[{"href":"https:\/\/www.mb.rub.de\/studium-mb\/wp-json\/wp\/v2\/types\/page"}],"author":[{"embeddable":true,"href":"https:\/\/www.mb.rub.de\/studium-mb\/wp-json\/wp\/v2\/users\/6"}],"replies":[{"embeddable":true,"href":"https:\/\/www.mb.rub.de\/studium-mb\/wp-json\/wp\/v2\/comments?post=200"}],"version-history":[{"count":8,"href":"https:\/\/www.mb.rub.de\/studium-mb\/wp-json\/wp\/v2\/pages\/200\/revisions"}],"predecessor-version":[{"id":921,"href":"https:\/\/www.mb.rub.de\/studium-mb\/wp-json\/wp\/v2\/pages\/200\/revisions\/921"}],"up":[{"embeddable":true,"href":"https:\/\/www.mb.rub.de\/studium-mb\/wp-json\/wp\/v2\/pages\/88"}],"wp:attachment":[{"href":"https:\/\/www.mb.rub.de\/studium-mb\/wp-json\/wp\/v2\/media?parent=200"}],"curies":[{"name":"wp","href":"https:\/\/api.w.org\/{rel}","templated":true}]}}