{"id":140,"date":"2022-03-30T12:44:19","date_gmt":"2022-03-30T10:44:19","guid":{"rendered":"https:\/\/www.mb.rub.de\/studium-sepm\/?page_id=140"},"modified":"2022-03-30T14:33:23","modified_gmt":"2022-03-30T12:33:23","slug":"studieninhalte-master","status":"publish","type":"page","link":"https:\/\/www.mb.rub.de\/studium-sepm\/master\/studieninhalte-master\/","title":{"rendered":"Studieninhalte Master"},"content":{"rendered":"<div class=\"field-std-bild-artikel\"><img loading=\"lazy\" decoding=\"async\" class=\"alignnone size-medium wp-image-101\" src=\"https:\/\/www.mb.rub.de\/studium-sepm\/wp-content\/uploads\/2021\/12\/Hoersaal_3.png\" alt=\"\" width=\"300\" height=\"169\"><\/div>\r\n<div class=\"field-bildzeile-custom-\">\r\n<div class=\"bildzeile-wrapper\">\r\n<div class=\"bildzeile-text\"><span class=\"bildzeile-text-inner\">\r\nBildzeile<\/span><\/div>\r\n<span class=\"bildzeile-copyright\">\u00a9&nbsp;Fakult\u00e4t f\u00fcr Maschinenbau\/Ng<\/span>\r\n\r\n<\/div>\r\n<\/div>\r\n<div class=\"content-inner-inner-wrapper\">\r\n<div class=\"field-std-dachzeile\">\r\n<div class=\"field-items\">\r\n<div class=\"field-item even\">Vor dem Studium<\/div>\r\n<\/div>\r\n<\/div>\r\n<h2 class=\"field-std-headline\">Studieninhalte<\/h2>\r\n<div class=\"field-std-teaser\">Das Masterstudium setzt sich aus den ingenieurwissenschaftlichen Vertiefungen, Modulen des internationalen Vertriebs-, Produkt- und Servicemanagements und weiteren Wahlf\u00e4chern zusammen. Im letzten Mastersemester wird die Masterarbeit geschrieben.   \r\n<\/div>\r\n<div class=\"field-std-text\">\r\n<p>Ziel des Masterstudiums ist die Vermittlung von Kenntnissen auf den Gebieten des Maschinenbaus und des Vertriebs-, Produkt- und Servicemanagements, mit denen komplexe Vertriebsingenieurt\u00e4tigkeiten selbstst\u00e4ndig und verantwortlich durchgef\u00fchrt werden k\u00f6nnen. Der Masterstudiengang f\u00fchrt damit zu einer Berufsqualifizierung, die f\u00fcr eine Position mit F\u00fchrungsverantwortung n\u00f6tig ist. Er vermittelt zudem die notwendigen Kenntnisse f\u00fcr wissenschaftliche Arbeiten auf Promotionsniveau.<br><br> \r\nNeben dem MINT-Wahlbereich (10 LP) und Nicht-MINT-Modulen (10 LP) wird ein gro\u00dfer Teil der Leistungspunkte (15 LP) im Bereich der individuellen Vertiefungsrichtung erbracht:<\/p>\r\n<ul>\r\n\t<li>Maschinen- und Automatisierungssysteme (MAS)<\/li>\r\n\r\n\t<li>Energie- und Verfahrenstechnik (EVT)<\/li>\r\n\r\n\t<li>Werkstoff- und Microengineering (WME)<\/li>\r\n<\/ul>\r\n<p>Mehr zu den einzelnen Schwerpunkten lesen Sie unter <a href=\"https:\/\/www.mb.rub.de\/studium-sepm\/bachelor\/vertiefungen\/\" rel=\"noopener\" target=\"_blank\">\u201eVertiefungen\u201c.<\/a>\r\n<br><br> \r\nEin weiterer, gro\u00dfer Anteil mit 25 LP wird im Rahmen des Modulbereichs \u201eInternationales Vertriebs-, Produkt- und Servicemanagement\u201c gesammelt.\r\n<\/p>\r\n<img loading=\"lazy\" decoding=\"async\" src=\"https:\/\/www.mb.rub.de\/studium-sepm\/wp-content\/uploads\/2022\/03\/SEPM_Master.png\" alt=\"\" width=\"1024\" height=\"615\" class=\"alignnone size-large wp-image-562\" \/>\r\n<br><br>\r\n<p>\r\nDurch die Masterpr\u00fcfung (30 LP) soll festgestellt werden, ob der*die Kandidat*in fundierte Kenntnisse und die F\u00e4higkeit zur selbstst\u00e4ndigen Anwendung anspruchsvoller wissenschaftlicher Methoden erlernt hat. Die Studierenden sollen zur kritischen Einordnung der wissenschaftlichen Erkenntnisse sowie zu verantwortlichem, interdisziplin\u00e4rem Denken und Handeln bef\u00e4higt werden und sollen komplexe Probleme analysieren und eigenst\u00e4ndig L\u00f6sungen erarbeiten k\u00f6nnen.\r\n<\/p>\r\n\r\n<\/div><\/div>\r\n<br>","protected":false},"excerpt":{"rendered":"Bildzeile \u00a9&nbsp;Fakult\u00e4t f\u00fcr Maschinenbau\/Ng Vor dem Studium Studieninhalte Das Masterstudium setzt sich aus den ingenieurwissenschaftlichen Vertiefungen, Modulen des internationalen Vertriebs-, Produkt- und Servicemanagements und weiteren Wahlf\u00e4chern zusammen. Im letzten Mastersemester wird die Masterarbeit geschrieben. Ziel des Masterstudiums ist die Vermittlung von Kenntnissen auf den Gebieten des Maschinenbaus und des Vertriebs-, Produkt- und Servicemanagements, mit denen [&hellip;]","protected":false},"author":4,"featured_media":0,"parent":9,"menu_order":0,"comment_status":"closed","ping_status":"closed","template":"","meta":{"footnotes":""},"class_list":["post-140","page","type-page","status-publish","hentry"],"yoast_head":"<!-- This site is optimized with the Yoast SEO plugin v27.4 - https:\/\/yoast.com\/product\/yoast-seo-wordpress\/ -->\n<title>Studieninhalte Master - Studiengang SEPM<\/title>\n<meta name=\"description\" content=\"Studieninhalte: Der Master setzt sich aus den ingenieurwissenschaftlichen Vertiefungen, Modulen des Vertriebs- und Produktmanagements zusammen.\" \/>\n<meta name=\"robots\" content=\"index, follow, max-snippet:-1, max-image-preview:large, max-video-preview:-1\" \/>\n<link rel=\"canonical\" href=\"https:\/\/www.mb.rub.de\/studium-sepm\/master\/studieninhalte-master\/\" \/>\n<meta property=\"og:locale\" content=\"de_DE\" \/>\n<meta property=\"og:type\" content=\"article\" \/>\n<meta property=\"og:title\" content=\"Studieninhalte Master - Studiengang SEPM\" \/>\n<meta property=\"og:description\" content=\"Studieninhalte: Der Master setzt sich aus den ingenieurwissenschaftlichen Vertiefungen, Modulen des Vertriebs- und Produktmanagements zusammen.\" \/>\n<meta property=\"og:url\" content=\"https:\/\/www.mb.rub.de\/studium-sepm\/master\/studieninhalte-master\/\" \/>\n<meta property=\"og:site_name\" content=\"Studiengang Sales Engineering and Product Management - Ruhr-Universit\u00e4t Bochum\" \/>\n<meta property=\"article:modified_time\" content=\"2022-03-30T12:33:23+00:00\" \/>\n<meta property=\"og:image\" content=\"https:\/\/www.mb.rub.de\/studium-sepm\/wp-content\/uploads\/2021\/12\/Hoersaal_3.png\" \/>\n<meta name=\"twitter:card\" content=\"summary_large_image\" \/>\n<meta name=\"twitter:label1\" content=\"Gesch\u00e4tzte Lesezeit\" \/>\n\t<meta name=\"twitter:data1\" content=\"1\u00a0Minute\" \/>\n<script type=\"application\/ld+json\" class=\"yoast-schema-graph\">{\"@context\":\"https:\\\/\\\/schema.org\",\"@graph\":[{\"@type\":\"WebPage\",\"@id\":\"https:\\\/\\\/www.mb.rub.de\\\/studium-sepm\\\/master\\\/studieninhalte-master\\\/\",\"url\":\"https:\\\/\\\/www.mb.rub.de\\\/studium-sepm\\\/master\\\/studieninhalte-master\\\/\",\"name\":\"Studieninhalte Master - Studiengang SEPM\",\"isPartOf\":{\"@id\":\"https:\\\/\\\/www.mb.rub.de\\\/studium-sepm\\\/#website\"},\"primaryImageOfPage\":{\"@id\":\"https:\\\/\\\/www.mb.rub.de\\\/studium-sepm\\\/master\\\/studieninhalte-master\\\/#primaryimage\"},\"image\":{\"@id\":\"https:\\\/\\\/www.mb.rub.de\\\/studium-sepm\\\/master\\\/studieninhalte-master\\\/#primaryimage\"},\"thumbnailUrl\":\"https:\\\/\\\/www.mb.rub.de\\\/studium-sepm\\\/wp-content\\\/uploads\\\/2021\\\/12\\\/Hoersaal_3.png\",\"datePublished\":\"2022-03-30T10:44:19+00:00\",\"dateModified\":\"2022-03-30T12:33:23+00:00\",\"description\":\"Studieninhalte: Der Master setzt sich aus den ingenieurwissenschaftlichen Vertiefungen, Modulen des Vertriebs- und Produktmanagements zusammen.\",\"breadcrumb\":{\"@id\":\"https:\\\/\\\/www.mb.rub.de\\\/studium-sepm\\\/master\\\/studieninhalte-master\\\/#breadcrumb\"},\"inLanguage\":\"de\",\"potentialAction\":[{\"@type\":\"ReadAction\",\"target\":[\"https:\\\/\\\/www.mb.rub.de\\\/studium-sepm\\\/master\\\/studieninhalte-master\\\/\"]}]},{\"@type\":\"ImageObject\",\"inLanguage\":\"de\",\"@id\":\"https:\\\/\\\/www.mb.rub.de\\\/studium-sepm\\\/master\\\/studieninhalte-master\\\/#primaryimage\",\"url\":\"https:\\\/\\\/www.mb.rub.de\\\/studium-sepm\\\/wp-content\\\/uploads\\\/2021\\\/12\\\/Hoersaal_3.png\",\"contentUrl\":\"https:\\\/\\\/www.mb.rub.de\\\/studium-sepm\\\/wp-content\\\/uploads\\\/2021\\\/12\\\/Hoersaal_3.png\",\"width\":804,\"height\":536},{\"@type\":\"BreadcrumbList\",\"@id\":\"https:\\\/\\\/www.mb.rub.de\\\/studium-sepm\\\/master\\\/studieninhalte-master\\\/#breadcrumb\",\"itemListElement\":[{\"@type\":\"ListItem\",\"position\":1,\"name\":\"Startseite\",\"item\":\"https:\\\/\\\/www.mb.rub.de\\\/studium-sepm\\\/\"},{\"@type\":\"ListItem\",\"position\":2,\"name\":\"Master\",\"item\":\"https:\\\/\\\/www.mb.rub.de\\\/studium-sepm\\\/master\\\/\"},{\"@type\":\"ListItem\",\"position\":3,\"name\":\"Studieninhalte Master\"}]},{\"@type\":\"WebSite\",\"@id\":\"https:\\\/\\\/www.mb.rub.de\\\/studium-sepm\\\/#website\",\"url\":\"https:\\\/\\\/www.mb.rub.de\\\/studium-sepm\\\/\",\"name\":\"Studiengang Sales Engineering and Product Management - Ruhr-Universit\u00e4t Bochum\",\"description\":\"\",\"publisher\":{\"@id\":\"https:\\\/\\\/www.mb.rub.de\\\/studium-sepm\\\/#organization\"},\"potentialAction\":[{\"@type\":\"SearchAction\",\"target\":{\"@type\":\"EntryPoint\",\"urlTemplate\":\"https:\\\/\\\/www.mb.rub.de\\\/studium-sepm\\\/?s={search_term_string}\"},\"query-input\":{\"@type\":\"PropertyValueSpecification\",\"valueRequired\":true,\"valueName\":\"search_term_string\"}}],\"inLanguage\":\"de\"},{\"@type\":\"Organization\",\"@id\":\"https:\\\/\\\/www.mb.rub.de\\\/studium-sepm\\\/#organization\",\"name\":\"Studiengang Sales Engineering and Product Management - Ruhr-Universit\u00e4t Bochum\",\"url\":\"https:\\\/\\\/www.mb.rub.de\\\/studium-sepm\\\/\",\"logo\":{\"@type\":\"ImageObject\",\"inLanguage\":\"de\",\"@id\":\"https:\\\/\\\/www.mb.rub.de\\\/studium-sepm\\\/#\\\/schema\\\/logo\\\/image\\\/\",\"url\":\"https:\\\/\\\/www.mb.rub.de\\\/studium-sepm\\\/wp-content\\\/uploads\\\/2022\\\/03\\\/MB-Logo-neu_SEPM.svg\",\"contentUrl\":\"https:\\\/\\\/www.mb.rub.de\\\/studium-sepm\\\/wp-content\\\/uploads\\\/2022\\\/03\\\/MB-Logo-neu_SEPM.svg\",\"caption\":\"Studiengang Sales Engineering and Product Management - Ruhr-Universit\u00e4t Bochum\"},\"image\":{\"@id\":\"https:\\\/\\\/www.mb.rub.de\\\/studium-sepm\\\/#\\\/schema\\\/logo\\\/image\\\/\"}}]}<\/script>\n<!-- \/ Yoast SEO plugin. -->","yoast_head_json":{"title":"Studieninhalte Master - Studiengang SEPM","description":"Studieninhalte: Der Master setzt sich aus den ingenieurwissenschaftlichen Vertiefungen, Modulen des Vertriebs- und Produktmanagements zusammen.","robots":{"index":"index","follow":"follow","max-snippet":"max-snippet:-1","max-image-preview":"max-image-preview:large","max-video-preview":"max-video-preview:-1"},"canonical":"https:\/\/www.mb.rub.de\/studium-sepm\/master\/studieninhalte-master\/","og_locale":"de_DE","og_type":"article","og_title":"Studieninhalte Master - Studiengang SEPM","og_description":"Studieninhalte: Der Master setzt sich aus den ingenieurwissenschaftlichen Vertiefungen, Modulen des Vertriebs- und Produktmanagements zusammen.","og_url":"https:\/\/www.mb.rub.de\/studium-sepm\/master\/studieninhalte-master\/","og_site_name":"Studiengang Sales Engineering and Product Management - Ruhr-Universit\u00e4t Bochum","article_modified_time":"2022-03-30T12:33:23+00:00","og_image":[{"url":"https:\/\/www.mb.rub.de\/studium-sepm\/wp-content\/uploads\/2021\/12\/Hoersaal_3.png","type":"","width":"","height":""}],"twitter_card":"summary_large_image","twitter_misc":{"Gesch\u00e4tzte Lesezeit":"1\u00a0Minute"},"schema":{"@context":"https:\/\/schema.org","@graph":[{"@type":"WebPage","@id":"https:\/\/www.mb.rub.de\/studium-sepm\/master\/studieninhalte-master\/","url":"https:\/\/www.mb.rub.de\/studium-sepm\/master\/studieninhalte-master\/","name":"Studieninhalte Master - Studiengang SEPM","isPartOf":{"@id":"https:\/\/www.mb.rub.de\/studium-sepm\/#website"},"primaryImageOfPage":{"@id":"https:\/\/www.mb.rub.de\/studium-sepm\/master\/studieninhalte-master\/#primaryimage"},"image":{"@id":"https:\/\/www.mb.rub.de\/studium-sepm\/master\/studieninhalte-master\/#primaryimage"},"thumbnailUrl":"https:\/\/www.mb.rub.de\/studium-sepm\/wp-content\/uploads\/2021\/12\/Hoersaal_3.png","datePublished":"2022-03-30T10:44:19+00:00","dateModified":"2022-03-30T12:33:23+00:00","description":"Studieninhalte: Der Master setzt sich aus den ingenieurwissenschaftlichen Vertiefungen, Modulen des Vertriebs- und Produktmanagements zusammen.","breadcrumb":{"@id":"https:\/\/www.mb.rub.de\/studium-sepm\/master\/studieninhalte-master\/#breadcrumb"},"inLanguage":"de","potentialAction":[{"@type":"ReadAction","target":["https:\/\/www.mb.rub.de\/studium-sepm\/master\/studieninhalte-master\/"]}]},{"@type":"ImageObject","inLanguage":"de","@id":"https:\/\/www.mb.rub.de\/studium-sepm\/master\/studieninhalte-master\/#primaryimage","url":"https:\/\/www.mb.rub.de\/studium-sepm\/wp-content\/uploads\/2021\/12\/Hoersaal_3.png","contentUrl":"https:\/\/www.mb.rub.de\/studium-sepm\/wp-content\/uploads\/2021\/12\/Hoersaal_3.png","width":804,"height":536},{"@type":"BreadcrumbList","@id":"https:\/\/www.mb.rub.de\/studium-sepm\/master\/studieninhalte-master\/#breadcrumb","itemListElement":[{"@type":"ListItem","position":1,"name":"Startseite","item":"https:\/\/www.mb.rub.de\/studium-sepm\/"},{"@type":"ListItem","position":2,"name":"Master","item":"https:\/\/www.mb.rub.de\/studium-sepm\/master\/"},{"@type":"ListItem","position":3,"name":"Studieninhalte Master"}]},{"@type":"WebSite","@id":"https:\/\/www.mb.rub.de\/studium-sepm\/#website","url":"https:\/\/www.mb.rub.de\/studium-sepm\/","name":"Studiengang Sales Engineering and Product Management - Ruhr-Universit\u00e4t Bochum","description":"","publisher":{"@id":"https:\/\/www.mb.rub.de\/studium-sepm\/#organization"},"potentialAction":[{"@type":"SearchAction","target":{"@type":"EntryPoint","urlTemplate":"https:\/\/www.mb.rub.de\/studium-sepm\/?s={search_term_string}"},"query-input":{"@type":"PropertyValueSpecification","valueRequired":true,"valueName":"search_term_string"}}],"inLanguage":"de"},{"@type":"Organization","@id":"https:\/\/www.mb.rub.de\/studium-sepm\/#organization","name":"Studiengang Sales Engineering and Product Management - Ruhr-Universit\u00e4t Bochum","url":"https:\/\/www.mb.rub.de\/studium-sepm\/","logo":{"@type":"ImageObject","inLanguage":"de","@id":"https:\/\/www.mb.rub.de\/studium-sepm\/#\/schema\/logo\/image\/","url":"https:\/\/www.mb.rub.de\/studium-sepm\/wp-content\/uploads\/2022\/03\/MB-Logo-neu_SEPM.svg","contentUrl":"https:\/\/www.mb.rub.de\/studium-sepm\/wp-content\/uploads\/2022\/03\/MB-Logo-neu_SEPM.svg","caption":"Studiengang Sales Engineering and Product Management - Ruhr-Universit\u00e4t Bochum"},"image":{"@id":"https:\/\/www.mb.rub.de\/studium-sepm\/#\/schema\/logo\/image\/"}}]}},"_links":{"self":[{"href":"https:\/\/www.mb.rub.de\/studium-sepm\/wp-json\/wp\/v2\/pages\/140","targetHints":{"allow":["GET"]}}],"collection":[{"href":"https:\/\/www.mb.rub.de\/studium-sepm\/wp-json\/wp\/v2\/pages"}],"about":[{"href":"https:\/\/www.mb.rub.de\/studium-sepm\/wp-json\/wp\/v2\/types\/page"}],"author":[{"embeddable":true,"href":"https:\/\/www.mb.rub.de\/studium-sepm\/wp-json\/wp\/v2\/users\/4"}],"replies":[{"embeddable":true,"href":"https:\/\/www.mb.rub.de\/studium-sepm\/wp-json\/wp\/v2\/comments?post=140"}],"version-history":[{"count":5,"href":"https:\/\/www.mb.rub.de\/studium-sepm\/wp-json\/wp\/v2\/pages\/140\/revisions"}],"predecessor-version":[{"id":528,"href":"https:\/\/www.mb.rub.de\/studium-sepm\/wp-json\/wp\/v2\/pages\/140\/revisions\/528"}],"up":[{"embeddable":true,"href":"https:\/\/www.mb.rub.de\/studium-sepm\/wp-json\/wp\/v2\/pages\/9"}],"wp:attachment":[{"href":"https:\/\/www.mb.rub.de\/studium-sepm\/wp-json\/wp\/v2\/media?parent=140"}],"curies":[{"name":"wp","href":"https:\/\/api.w.org\/{rel}","templated":true}]}}